{"id":3,"date":"2023-09-04T17:04:12","date_gmt":"2023-09-04T17:04:12","guid":{"rendered":"https:\/\/angelarosa.com.mx\/?page_id=3"},"modified":"2023-09-11T21:18:17","modified_gmt":"2023-09-11T21:18:17","slug":"privacy-policy","status":"publish","type":"page","link":"https:\/\/angelarosa.com.mx\/index.php\/privacy-policy\/","title":{"rendered":"Aviso de Privacidad"},"content":{"rendered":"\n<p>\u00c1ngela &amp; Rosa Cosm\u00e9tica Natural en cumplimiento de la Ley Federal de Protecci\u00f3n de Datos Personales en Posesi\u00f3n de Particulares y su reglamento, hacen de su conocimiento que:<\/p>\n\n\n\n<p>\u00c1ngela &amp; Rosa Cosm\u00e9tica Natural protege y salvaguarda sus datos personales para evitar el da\u00f1o, p\u00e9rdida, destrucci\u00f3n, robo, extrav\u00edo, alteraci\u00f3n, as\u00ed como el tratamiento no autorizado de los mismos.&nbsp;<\/p>\n\n\n\n<h2 class=\"wp-block-heading\">\u00bfQu\u00e9 informaci\u00f3n recopilamos?<\/h2>\n\n\n\n<p>Los datos personales que usted proporcione a \u00c1ngela &amp; Rosa Cosm\u00e9tica Natural a trav\u00e9s de este sitio web (<a href=\"https:\/\/rawapothecary.mx\/\">www.angelarosa.com.mx<\/a>), se har\u00e1 a partir de la suscripci\u00f3n al sistema de env\u00edo masivo de correo electr\u00f3nico los cuales pueden incluir sus datos personale. Dicha informaci\u00f3n deber\u00e1 ser veraz y completa, por lo que usted responder\u00e1 en todo momento por la veracidad de los datos proporcionados y en ning\u00fan caso \u00c1ngela &amp; Rosa Cosm\u00e9tica Natural ser\u00e1 responsable a este respecto.<\/p>\n\n\n\n<p>Usted manifiesta su consentimiento para el tratamiento de sus datos personales de acuerdo a los t\u00e9rminos y condiciones de este Aviso de Privacidad.<\/p>\n\n\n\n<h2 class=\"wp-block-heading\">\u00bfPara qu\u00e9 utilizamos su informaci\u00f3n?<\/h2>\n\n\n\n<p>Los datos personales que recopilamos son destinados para fines de contacto y comunicaci\u00f3n de nuestras actividades de difusi\u00f3n y transmisi\u00f3n v\u00eda diversas plataformas digitales, as\u00ed como para fines estad\u00edsticos y de seguimiento de audiencias. Se le recomienda no revelar su informaci\u00f3n personal a nadie. En la recopilaci\u00f3n y tratamiento de datos personales cumplimos con todos los principios estipulados en la Ley Federal de Protecci\u00f3n de Datos Personales en Posesi\u00f3n de Particulares y su Reglamento: licitud, calidad, consentimiento, informaci\u00f3n, finalidad, lealtad, proporcionalidad y responsabilidad.<\/p>\n\n\n\n<h2 class=\"wp-block-heading\">\u00bfCon qui\u00e9n compartimos su informaci\u00f3n?<\/h2>\n\n\n\n<p>Los datos proporcionados a \u00c1ngela &amp; Rosa Cosm\u00e9tica Natural son utilizados \u00fanicamente por empresa para los fines ya enunciados y no son compartidos con ning\u00fan tercero, ya sea persona f\u00edsica o moral, p\u00fablica o privada.<\/p>\n\n\n\n<p>En tal sentido, \u00c1ngela &amp; Rosa Cosm\u00e9tica Natural tendr\u00e1 el manejo y administraci\u00f3n de los datos personales que se recaben.<\/p>\n\n\n\n<p>Los datos personales que usted proporciona pueden compilarse y fijarse en una base de datos propiedad exclusiva de \u00c1ngela &amp; Rosa Cosm\u00e9tica Natural.<\/p>\n\n\n\n<p>\u00c1ngela &amp; Rosa Cosm\u00e9tica Natural no le solicitar\u00e1 datos personales sensibles.<\/p>\n\n\n\n<p>\u00c1ngela &amp; Rosa Cosm\u00e9tica Natural \u00fanicamente podr\u00e1 difundir su informaci\u00f3n personal a solicitud expresa de alguna autoridad competente en caso de que exista alguna situaci\u00f3n de emergencia o de estado de salud grave; se deba cumplir alguna obligaci\u00f3n derivada de una relaci\u00f3n jur\u00eddica entre usted y \u00c1ngela &amp; Rosa Cosm\u00e9tica Natural o bien, que la informaci\u00f3n figure en fuentes de acceso p\u00fablico.<\/p>\n\n\n\n<p>Si solicita un restablecimiento de contrase\u00f1a, su direcci\u00f3n IP se incluir\u00e1 en el correo electr\u00f3nico de restablecimiento.<\/p>\n\n\n\n<h2 class=\"wp-block-heading\">\u00bfQu\u00e9 medidas de seguridad y control utilizamos para la protecci\u00f3n de sus datos personales?<\/h2>\n\n\n\n<p>\u00c1ngela &amp; Rosa Cosm\u00e9tica Natural implementa medidas de seguridad administrativas, t\u00e9cnicas y f\u00edsicas para proteger sus datos personales.<\/p>\n\n\n\n<p>Toda la informaci\u00f3n y datos personales que usted nos proporcione mediante la utilizaci\u00f3n de esta p\u00e1gina web de \u00c1ngela &amp; Rosa Cosm\u00e9tica Natural v\u00eda correo electr\u00f3nico, constituir\u00e1 una base de datos, y la informaci\u00f3n se almacena con fines de protecci\u00f3n, para evitar p\u00e9rdida, uso indebido o alteraci\u00f3n.<\/p>\n\n\n\n<h2 class=\"wp-block-heading\">Comentarios<\/h2>\n\n\n\n<p>Cuando los visitantes dejan comentarios en el sitio, recopilamos los datos que se muestran en el formulario de comentarios, y tambi\u00e9n la direcci\u00f3n IP del visitante y la cadena de agente de usuario del navegador para ayudar a la detecci\u00f3n de spam.<\/p>\n\n\n\n<p>Una cadena an\u00f3nima creada a partir de su direcci\u00f3n de correo electr\u00f3nico (tambi\u00e9n llamada hash) puede ser proporcionada al servicio Gravatar para ver si la est\u00e1 utilizando. La pol\u00edtica de privacidad del servicio de Gravatar est\u00e1 disponible aqu\u00ed: https:\/\/automattic.com\/privacy\/ Despu\u00e9s de la aprobaci\u00f3n de su comentario, su imagen de perfil es visible para el p\u00fablico en el contexto de su comentario.<\/p>\n\n\n\n<h2 class=\"wp-block-heading\">Im\u00e1genes<\/h2>\n\n\n\n<p>Si sube im\u00e1genes al sitio web, debe evitar subir im\u00e1genes con datos de ubicaci\u00f3n integrados (EXIF GPS) incluidos. Los visitantes del sitio web pueden descargar y extraer cualquier dato de ubicaci\u00f3n de las im\u00e1genes del sitio web.<\/p>\n\n\n\n<h2 class=\"wp-block-heading\">Cookies<\/h2>\n\n\n\n<p>Si deja un comentario en nuestro sitio, puede optar por guardar su nombre, direcci\u00f3n de correo electr\u00f3nico y sitio web en cookies. Estos son para su comodidad para que no tenga que rellenar sus datos de nuevo cuando deje otro comentario. Las cookies durar\u00e1n un a\u00f1o.<\/p>\n\n\n\n<p>Si visita nuestra p\u00e1gina de inicio de sesi\u00f3n, estableceremos una cookie temporal para determinar si su navegador acepta cookies. Esta cookie no contiene datos personales y se descarta cuando cierra su navegador.<\/p>\n\n\n\n<p>Cuando inicie sesi\u00f3n, tambi\u00e9n configuraremos varias cookies para guardar su informaci\u00f3n de inicio de sesi\u00f3n y sus opciones de visualizaci\u00f3n de pantalla. Las cookies de inicio de sesi\u00f3n duran dos d\u00edas y las cookies de opciones de pantalla duran un a\u00f1o. Si selecciona \u201cRecordarme\u201d, su inicio de sesi\u00f3n persistir\u00e1 durante dos semanas. Si cierra la sesi\u00f3n de su cuenta, se eliminar\u00e1n las cookies de inicio de sesi\u00f3n.<\/p>\n\n\n\n<p>Si edita o publica un art\u00edculo, se guardar\u00e1 una cookie adicional en su navegador. Esta cookie no incluye datos personales y simplemente indica el ID del art\u00edculo que acaba de editar. Caduca despu\u00e9s de 1 d\u00eda.<\/p>\n\n\n\n<h2 class=\"wp-block-heading\">Contenido incorporado de otros sitios web<\/h2>\n\n\n\n<p>Los art\u00edculos en este sitio pueden incluir contenido incrustado (p. ej., videos, im\u00e1genes, art\u00edculos, etc.). El contenido incrustado de otros sitios web se comporta de la misma manera que si el visitante ha visitado el otro sitio web.<\/p>\n\n\n\n<p>Estos sitios web pueden recopilar datos sobre usted, usar cookies, incrustar seguimiento adicional de terceros y monitorear su interacci\u00f3n con ese contenido incrustado, incluido el seguimiento de su interacci\u00f3n con el contenido incrustado si tiene una cuenta y est\u00e1 conectado a ese sitio web.<\/p>\n\n\n\n<h2 class=\"wp-block-heading\">\u00bfCu\u00e1nto tiempo conservamos sus datos?<\/h2>\n\n\n\n<p>Si deja un comentario, el comentario y sus metadatos se conservan indefinidamente. Esto es para que podamos reconocer y aprobar cualquier comentario de seguimiento autom\u00e1ticamente en lugar de mantenerlos en una cola de moderaci\u00f3n.<\/p>\n\n\n\n<p>Para los usuarios que se registran en nuestro sitio web (en su caso), tambi\u00e9n almacenamos la informaci\u00f3n personal que proporcionan en su perfil de usuario. Todos los usuarios pueden ver, editar o eliminar su informaci\u00f3n personal en cualquier momento (excepto que no pueden cambiar su nombre de usuario). Los administradores de sitios web tambi\u00e9n pueden ver y editar esa informaci\u00f3n.<\/p>\n\n\n\n<h2 class=\"wp-block-heading\">\u00bfD\u00f3nde se env\u00edan sus datos?<\/h2>\n\n\n\n<p>Los comentarios de los visitantes pueden ser revisados a trav\u00e9s de un servicio automatizado de detecci\u00f3n de spam.<\/p>\n\n\n\n<h2 class=\"wp-block-heading\">\u00bfC\u00f3mo puede usted ejercer sus derechos ARCO y revocar el consentimiento otorgado?<\/h2>\n\n\n\n<p>Como titular de datos personales, usted podr\u00e1 ejercer los Derechos ARCO (acceso, rectificaci\u00f3n, cancelaci\u00f3n y oposici\u00f3n al tratamiento de datos personales), o bien, revocar el consentimiento que usted haya otorgado a \u00c1ngela &amp; Rosa Cosm\u00e9tica Natural para el tratamiento de sus datos personales, enviando su solicitud directamente a la oficina administrativas de \u00c1ngela &amp; Rosa Cosm\u00e9tica Natural, a trav\u00e9s de la cuenta de correo electr\u00f3nico\u00a0<a href=\"mailto:contacto@angelarosa.com.mx\">contacto@angelarosa.com.mx<\/a>. Dicha solicitud deber\u00e1 contener, por lo menos, su nombre, domicilio completo y documentos que acrediten su identidad, especificando en forma clara y precisa los datos personales de los que solicita su acceso, rectificaci\u00f3n, actualizaci\u00f3n o cancelaci\u00f3n, indicando las razones por las cuales desea acceder a sus datos personales o las razones por las que considera que sus datos deben ser actualizados, rectificados o cancelados.<\/p>\n\n\n\n<h2 class=\"wp-block-heading\">ACEPTACI\u00d3N DE T\u00c9RMINOS<\/h2>\n\n\n\n<p>Si usted utiliza los servicios de este sitio, significa que ha le\u00eddo, entendido y aceptado los t\u00e9rminos antes expuestos. Si no est\u00e1 de acuerdo con ellos, usted no deber\u00e1 proporcionar ninguna informaci\u00f3n personal.<\/p>\n\n\n\n<p>Este aviso puede tener cambios en el futuro; de ser as\u00ed se le avisar\u00e1 oportunamente en la secci\u00f3n de Aviso de Privacidad de este sitio web.<\/p>\n\n\n\n<p>Fecha de actualizaci\u00f3n: 11\/09\/2023<\/p>\n","protected":false},"excerpt":{"rendered":"<p>\u00c1ngela &amp; Rosa Cosm\u00e9tica Natural en cumplimiento de la Ley Federal de Protecci\u00f3n de Datos Personales en Posesi\u00f3n de Particulares y su reglamento, hacen de su conocimiento que: \u00c1ngela &amp; Rosa Cosm\u00e9tica Natural protege y salvaguarda sus datos personales para evitar el da\u00f1o, p\u00e9rdida, destrucci\u00f3n, robo, extrav\u00edo, alteraci\u00f3n, as\u00ed como el tratamiento no autorizado de [&hellip;]<\/p>\n","protected":false},"author":1,"featured_media":0,"parent":0,"menu_order":0,"comment_status":"closed","ping_status":"closed","template":"","meta":{"_uag_custom_page_level_css":"","site-sidebar-layout":"default","site-content-layout":"","ast-site-content-layout":"default","site-content-style":"default","site-sidebar-style":"default","ast-global-header-display":"","ast-banner-title-visibility":"","ast-main-header-display":"","ast-hfb-above-header-display":"","ast-hfb-below-header-display":"","ast-hfb-mobile-header-display":"","site-post-title":"","ast-breadcrumbs-content":"","ast-featured-img":"","footer-sml-layout":"","ast-disable-related-posts":"","theme-transparent-header-meta":"","adv-header-id-meta":"","stick-header-meta":"","header-above-stick-meta":"","header-main-stick-meta":"","header-below-stick-meta":"","astra-migrate-meta-layouts":"set","ast-page-background-enabled":"default","ast-page-background-meta":{"desktop":{"background-color":"var(--ast-global-color-4)","background-image":"","background-repeat":"repeat","background-position":"center center","background-size":"auto","background-attachment":"scroll","background-type":"","background-media":"","overlay-type":"","overlay-color":"","overlay-opacity":"","overlay-gradient":""},"tablet":{"background-color":"","background-image":"","background-repeat":"repeat","background-position":"center center","background-size":"auto","background-attachment":"scroll","background-type":"","background-media":"","overlay-type":"","overlay-color":"","overlay-opacity":"","overlay-gradient":""},"mobile":{"background-color":"","background-image":"","background-repeat":"repeat","background-position":"center center","background-size":"auto","background-attachment":"scroll","background-type":"","background-media":"","overlay-type":"","overlay-color":"","overlay-opacity":"","overlay-gradient":""}},"ast-content-background-meta":{"desktop":{"background-color":"var(--ast-global-color-5)","background-image":"","background-repeat":"repeat","background-position":"center center","background-size":"auto","background-attachment":"scroll","background-type":"","background-media":"","overlay-type":"","overlay-color":"","overlay-opacity":"","overlay-gradient":""},"tablet":{"background-color":"var(--ast-global-color-5)","background-image":"","background-repeat":"repeat","background-position":"center center","background-size":"auto","background-attachment":"scroll","background-type":"","background-media":"","overlay-type":"","overlay-color":"","overlay-opacity":"","overlay-gradient":""},"mobile":{"background-color":"var(--ast-global-color-5)","background-image":"","background-repeat":"repeat","background-position":"center center","background-size":"auto","background-attachment":"scroll","background-type":"","background-media":"","overlay-type":"","overlay-color":"","overlay-opacity":"","overlay-gradient":""}},"footnotes":""},"class_list":["post-3","page","type-page","status-publish","hentry"],"yoast_head":"<!-- This site is optimized with the Yoast SEO plugin v27.4 - https:\/\/yoast.com\/product\/yoast-seo-wordpress\/ -->\n<title>Aviso de Privacidad - Angela Rosa Cosmetica Natural<\/title>\n<meta name=\"description\" content=\"Somos una empresa de cosm\u00e9tica natural en Tijuana, nuestros productos son libres de crueldad animal, 100% naturales y biodegradables.\" \/>\n<meta name=\"robots\" content=\"index, follow, max-snippet:-1, max-image-preview:large, max-video-preview:-1\" \/>\n<link rel=\"canonical\" href=\"https:\/\/angelarosa.com.mx\/index.php\/privacy-policy\/\" \/>\n<meta property=\"og:locale\" content=\"es_ES\" \/>\n<meta property=\"og:type\" content=\"article\" \/>\n<meta property=\"og:title\" content=\"Aviso de Privacidad - Angela Rosa Cosmetica Natural\" \/>\n<meta property=\"og:description\" content=\"Somos una empresa de cosm\u00e9tica natural en Tijuana, nuestros productos son libres de crueldad animal, 100% naturales y biodegradables.\" \/>\n<meta property=\"og:url\" content=\"https:\/\/angelarosa.com.mx\/index.php\/privacy-policy\/\" \/>\n<meta property=\"og:site_name\" content=\"Angela Rosa Cosmetica Natural\" \/>\n<meta property=\"article:publisher\" content=\"https:\/\/facebook.com\/angelarosa.mx\" \/>\n<meta property=\"article:modified_time\" content=\"2023-09-11T21:18:17+00:00\" \/>\n<meta name=\"twitter:card\" content=\"summary_large_image\" \/>\n<meta name=\"twitter:label1\" content=\"Tiempo de lectura\" \/>\n\t<meta name=\"twitter:data1\" content=\"7 minutos\" \/>\n<script type=\"application\/ld+json\" class=\"yoast-schema-graph\">{\"@context\":\"https:\\\/\\\/schema.org\",\"@graph\":[{\"@type\":\"WebPage\",\"@id\":\"https:\\\/\\\/angelarosa.com.mx\\\/index.php\\\/privacy-policy\\\/\",\"url\":\"https:\\\/\\\/angelarosa.com.mx\\\/index.php\\\/privacy-policy\\\/\",\"name\":\"Aviso de Privacidad - Angela Rosa Cosmetica Natural\",\"isPartOf\":{\"@id\":\"https:\\\/\\\/angelarosa.com.mx\\\/#website\"},\"datePublished\":\"2023-09-04T17:04:12+00:00\",\"dateModified\":\"2023-09-11T21:18:17+00:00\",\"description\":\"Somos una empresa de cosm\u00e9tica natural en Tijuana, nuestros productos son libres de crueldad animal, 100% naturales y biodegradables.\",\"breadcrumb\":{\"@id\":\"https:\\\/\\\/angelarosa.com.mx\\\/index.php\\\/privacy-policy\\\/#breadcrumb\"},\"inLanguage\":\"es\",\"potentialAction\":[{\"@type\":\"ReadAction\",\"target\":[\"https:\\\/\\\/angelarosa.com.mx\\\/index.php\\\/privacy-policy\\\/\"]}]},{\"@type\":\"BreadcrumbList\",\"@id\":\"https:\\\/\\\/angelarosa.com.mx\\\/index.php\\\/privacy-policy\\\/#breadcrumb\",\"itemListElement\":[{\"@type\":\"ListItem\",\"position\":1,\"name\":\"Home\",\"item\":\"https:\\\/\\\/angelarosa.com.mx\\\/\"},{\"@type\":\"ListItem\",\"position\":2,\"name\":\"Aviso de Privacidad\"}]},{\"@type\":\"WebSite\",\"@id\":\"https:\\\/\\\/angelarosa.com.mx\\\/#website\",\"url\":\"https:\\\/\\\/angelarosa.com.mx\\\/\",\"name\":\"Angela Rosa Cosmetica Natural\",\"description\":\"\",\"publisher\":{\"@id\":\"https:\\\/\\\/angelarosa.com.mx\\\/#organization\"},\"potentialAction\":[{\"@type\":\"SearchAction\",\"target\":{\"@type\":\"EntryPoint\",\"urlTemplate\":\"https:\\\/\\\/angelarosa.com.mx\\\/?s={search_term_string}\"},\"query-input\":{\"@type\":\"PropertyValueSpecification\",\"valueRequired\":true,\"valueName\":\"search_term_string\"}}],\"inLanguage\":\"es\"},{\"@type\":\"Organization\",\"@id\":\"https:\\\/\\\/angelarosa.com.mx\\\/#organization\",\"name\":\"Angela Rosa Cosmetica Natural\",\"url\":\"https:\\\/\\\/angelarosa.com.mx\\\/\",\"logo\":{\"@type\":\"ImageObject\",\"inLanguage\":\"es\",\"@id\":\"https:\\\/\\\/angelarosa.com.mx\\\/#\\\/schema\\\/logo\\\/image\\\/\",\"url\":\"https:\\\/\\\/i0.wp.com\\\/angelarosa.com.mx\\\/wp-content\\\/uploads\\\/2025\\\/04\\\/logo-nuevo.png?fit=1414%2C1024&ssl=1\",\"contentUrl\":\"https:\\\/\\\/i0.wp.com\\\/angelarosa.com.mx\\\/wp-content\\\/uploads\\\/2025\\\/04\\\/logo-nuevo.png?fit=1414%2C1024&ssl=1\",\"width\":1414,\"height\":1024,\"caption\":\"Angela Rosa Cosmetica Natural\"},\"image\":{\"@id\":\"https:\\\/\\\/angelarosa.com.mx\\\/#\\\/schema\\\/logo\\\/image\\\/\"},\"sameAs\":[\"https:\\\/\\\/facebook.com\\\/angelarosa.mx\",\"https:\\\/\\\/instagram.com\\\/angelarosa.mx\"]}]}<\/script>\n<!-- \/ Yoast SEO plugin. -->","yoast_head_json":{"title":"Aviso de Privacidad - Angela Rosa Cosmetica Natural","description":"Somos una empresa de cosm\u00e9tica natural en Tijuana, nuestros productos son libres de crueldad animal, 100% naturales y biodegradables.","robots":{"index":"index","follow":"follow","max-snippet":"max-snippet:-1","max-image-preview":"max-image-preview:large","max-video-preview":"max-video-preview:-1"},"canonical":"https:\/\/angelarosa.com.mx\/index.php\/privacy-policy\/","og_locale":"es_ES","og_type":"article","og_title":"Aviso de Privacidad - Angela Rosa Cosmetica Natural","og_description":"Somos una empresa de cosm\u00e9tica natural en Tijuana, nuestros productos son libres de crueldad animal, 100% naturales y biodegradables.","og_url":"https:\/\/angelarosa.com.mx\/index.php\/privacy-policy\/","og_site_name":"Angela Rosa Cosmetica Natural","article_publisher":"https:\/\/facebook.com\/angelarosa.mx","article_modified_time":"2023-09-11T21:18:17+00:00","twitter_card":"summary_large_image","twitter_misc":{"Tiempo de lectura":"7 minutos"},"schema":{"@context":"https:\/\/schema.org","@graph":[{"@type":"WebPage","@id":"https:\/\/angelarosa.com.mx\/index.php\/privacy-policy\/","url":"https:\/\/angelarosa.com.mx\/index.php\/privacy-policy\/","name":"Aviso de Privacidad - Angela Rosa Cosmetica Natural","isPartOf":{"@id":"https:\/\/angelarosa.com.mx\/#website"},"datePublished":"2023-09-04T17:04:12+00:00","dateModified":"2023-09-11T21:18:17+00:00","description":"Somos una empresa de cosm\u00e9tica natural en Tijuana, nuestros productos son libres de crueldad animal, 100% naturales y biodegradables.","breadcrumb":{"@id":"https:\/\/angelarosa.com.mx\/index.php\/privacy-policy\/#breadcrumb"},"inLanguage":"es","potentialAction":[{"@type":"ReadAction","target":["https:\/\/angelarosa.com.mx\/index.php\/privacy-policy\/"]}]},{"@type":"BreadcrumbList","@id":"https:\/\/angelarosa.com.mx\/index.php\/privacy-policy\/#breadcrumb","itemListElement":[{"@type":"ListItem","position":1,"name":"Home","item":"https:\/\/angelarosa.com.mx\/"},{"@type":"ListItem","position":2,"name":"Aviso de Privacidad"}]},{"@type":"WebSite","@id":"https:\/\/angelarosa.com.mx\/#website","url":"https:\/\/angelarosa.com.mx\/","name":"Angela Rosa Cosmetica Natural","description":"","publisher":{"@id":"https:\/\/angelarosa.com.mx\/#organization"},"potentialAction":[{"@type":"SearchAction","target":{"@type":"EntryPoint","urlTemplate":"https:\/\/angelarosa.com.mx\/?s={search_term_string}"},"query-input":{"@type":"PropertyValueSpecification","valueRequired":true,"valueName":"search_term_string"}}],"inLanguage":"es"},{"@type":"Organization","@id":"https:\/\/angelarosa.com.mx\/#organization","name":"Angela Rosa Cosmetica Natural","url":"https:\/\/angelarosa.com.mx\/","logo":{"@type":"ImageObject","inLanguage":"es","@id":"https:\/\/angelarosa.com.mx\/#\/schema\/logo\/image\/","url":"https:\/\/i0.wp.com\/angelarosa.com.mx\/wp-content\/uploads\/2025\/04\/logo-nuevo.png?fit=1414%2C1024&ssl=1","contentUrl":"https:\/\/i0.wp.com\/angelarosa.com.mx\/wp-content\/uploads\/2025\/04\/logo-nuevo.png?fit=1414%2C1024&ssl=1","width":1414,"height":1024,"caption":"Angela Rosa Cosmetica Natural"},"image":{"@id":"https:\/\/angelarosa.com.mx\/#\/schema\/logo\/image\/"},"sameAs":["https:\/\/facebook.com\/angelarosa.mx","https:\/\/instagram.com\/angelarosa.mx"]}]}},"uagb_featured_image_src":{"full":false,"thumbnail":false,"medium":false,"medium_large":false,"large":false,"1536x1536":false,"2048x2048":false,"mailpoet_newsletter_max":false,"woocommerce_thumbnail":false,"woocommerce_single":false,"woocommerce_gallery_thumbnail":false},"uagb_author_info":{"display_name":"Laura","author_link":"https:\/\/angelarosa.com.mx\/index.php\/author\/admin-2\/"},"uagb_comment_info":0,"uagb_excerpt":"\u00c1ngela &amp; Rosa Cosm\u00e9tica Natural en cumplimiento de la Ley Federal de Protecci\u00f3n de Datos Personales en Posesi\u00f3n de Particulares y su reglamento, hacen de su conocimiento que: \u00c1ngela &amp; Rosa Cosm\u00e9tica Natural protege y salvaguarda sus datos personales para evitar el da\u00f1o, p\u00e9rdida, destrucci\u00f3n, robo, extrav\u00edo, alteraci\u00f3n, as\u00ed como el tratamiento no autorizado de&hellip;","jetpack_sharing_enabled":true,"_links":{"self":[{"href":"https:\/\/angelarosa.com.mx\/index.php\/wp-json\/wp\/v2\/pages\/3","targetHints":{"allow":["GET"]}}],"collection":[{"href":"https:\/\/angelarosa.com.mx\/index.php\/wp-json\/wp\/v2\/pages"}],"about":[{"href":"https:\/\/angelarosa.com.mx\/index.php\/wp-json\/wp\/v2\/types\/page"}],"author":[{"embeddable":true,"href":"https:\/\/angelarosa.com.mx\/index.php\/wp-json\/wp\/v2\/users\/1"}],"replies":[{"embeddable":true,"href":"https:\/\/angelarosa.com.mx\/index.php\/wp-json\/wp\/v2\/comments?post=3"}],"version-history":[{"count":4,"href":"https:\/\/angelarosa.com.mx\/index.php\/wp-json\/wp\/v2\/pages\/3\/revisions"}],"predecessor-version":[{"id":2094,"href":"https:\/\/angelarosa.com.mx\/index.php\/wp-json\/wp\/v2\/pages\/3\/revisions\/2094"}],"wp:attachment":[{"href":"https:\/\/angelarosa.com.mx\/index.php\/wp-json\/wp\/v2\/media?parent=3"}],"curies":[{"name":"wp","href":"https:\/\/api.w.org\/{rel}","templated":true}]}}